84 + t)*(4 + 2)/6 is divided by d?
10
Suppose 4*x + 179 = 187, 4*x + 126 = -r. Let u(j) = -j + 253. Let g be u(0). Let l = g + r. What is the remainder when l is divided by 30?
29
Suppose 4591 = -7*c + 1000. Let o = -496 - c. What is the remainder when o is divided by 11?
6
Suppose -4*c + 5*l + 580 = 41, 2*l = 2*c - 270. Suppose -28*m - 3452 = -m - 4073. Calculate the remainder when c is divided by m.
21
Let t(f) = -2*f - 66. Let o be t(-28). Calculate the remainder when 54 is divided by -7*22/o + 2/(-5).
9
Suppose 6801 - 10849 = -44*b. Calculate the remainder when 487 is divided by b.
27
Suppose -295 = 270*r - 273*r + 4*t, t = -2*r + 160. Let h(k) = k**2 + 9*k + 5. Let l be h(-6). Let f = 24 + l. Calculate the remainder when r is divided by f.
8
Let u = -4249 - -5212. What is the remainder when u is divided by 10?
3
Let o(r) = 5*r + 6. Let k be o(1). Suppose 4*n = 12, -9*n - 23 = -t - k*n. What is the remainder when 216 is divided by t?
12
Suppose -112 = -5*j + 4*f, -7*f + 12 = -11*f. What is the remainder when 681 is divided by j?
1
Let c(i) = 175*i - 336*i - 122 + 170*i. What is the remainder when c(20) is divided by 21?
16
Suppose 0 = 2*m - m + 3. Let g(k) = -23*k**2 - 6 + 6*k + 9*k**2 + 19*k**2 + 0. What is the remainder when g(m) is divided by 4?
1
Let v be (-3)/(63/2973) + 16/28. Let p = v + 211. Let k = 98 - p. Calculate the remainder when 110 is divided by k.
26
Let q(d) = -d**3 - 19*d**2 - 16*d + 39. Let h be q(-18). Let k = 13 + h. Calculate the remainder when 26 is divided by k.
10
Suppose -195*d + 187*d + 280 = 0. What is the remainder when 15/(-2)*(3 + -5) is divided by 35/d*11/1?
4
Let h(t) = -t**3 - 9*t**2 + t - 11. What is the remainder when h(-10) is divided by (-85)/(-2)*12/15?
11
Suppose -51*p + 6494 = 1802. Suppose -3*c = -w - 53, -10*c = -6*c + 4*w - p. What is the remainder when 91 is divided by c?
15
Let d = 641 - 599. Calculate the remainder when 120 is divided by d.
36
Suppose n - 1 = g - 2*g, -4*n + 3*g + 32 = 0. Suppose 4*o - 20 = -0. Suppose -22 = -4*x - o*r + 14, -4*r = 16. Calculate the remainder when x is divided by n.
4
Let d(t) = -t**3 + 3*t**2 + 5*t - 3. Let o be d(2). Suppose -5*i = 6 - o, -l - i = -58. What is the remainder when l is divided by 76/6 - (-2)/(-3)?
9
Suppose 59*x - 44579 = 851. Calculate the remainder when x is divided by 58.
16
Suppose 14*d - 551 = 205. Suppose 0 = 2*z - 96 - d. Calculate the remainder when z is divided by 6.
3
Let c(z) = 365 + 8*z - 90 + 326 - 120. What is the remainder when c(-40) is divided by 15?
11
Let c(i) = i**3 + 24*i**2 - 83*i - 42. Let q = -39 + 62. What is the remainder when q is divided by c(-27)?
11
Let b(p) = -2*p**3 + 2*p**2 + 4*p + 7. Suppose 22 - 91 = -2*w - 5*n, -5*n + 113 = 4*w. Calculate the remainder when b(-3) is divided by w.
1
Suppose -c + 5*p = 21, 2*p + 0 = 3*c - 2. Let v(n) = 17*n**2 + 6*n + 1. Let r be v(c). Calculate the remainder when 45 is divided by r/(-18)*4/(-6).
1
Suppose -5*w = 13*p - 16*p + 390, 0 = 3*p + 3*w - 414. Suppose 16*i - 935 + p = 0. Calculate the remainder when 148 - (1 + 3 + -2) is divided by i.
46
Let o = 385 + -268. Let g(l) = 4*l**2 + 4*l - 4. What is the remainder when o is divided by g(2)?
17
What is the remainder when 1141 is divided by (-2375)/(-125) - (-12)/(-2)?
10
Let r(t) = -t**3 + 7*t**2 - 9*t + 14. Suppose -92 = -2*b - 5*o + 4*o, 3*b - 145 = 2*o. What is the remainder when b is divided by r(4)?
21
Let g = -98 - -98. Suppose 3*u - 8 - 1 = g. Suppose -4*i = i + 5*l - 65, 0 = l - u. What is the remainder when 49 is divided by i?
9
Suppose 6695 = 43*k - 8527. Calculate the remainder when k is divided by 34.
14
Suppose -3*s + 2*n - 7 = -3*n, 0 = 3*n - 6. Let f be (-3 + s - -3) + 4. Suppose 3*z = f*z - 22. Calculate the remainder when z is divided by 7.
4
Calculate the remainder when 56 is divided by ((-220)/(-30) + -8)*-48.
24
Let s = -4336 - -4345. Let x(k) = 21*k - 8*k + 3*k + 3 - 2. Calculate the remainder when x(2) is divided by s.
6
Let t(s) = 2 + 21*s - 12*s**2 - 10*s**2 + s**3 + 32*s**2 - 8*s**2 - 10*s**2. What is the remainder when 42 is divided by t(4)?
20
Let v = 0 - 192. Let j = v - -310. What is the remainder when j is divided by 15?
13
Suppose 3*a + d - 106 = 247, 2*d = -7*a + 824. Calculate the remainder when 236 is divided by a.
0
Suppose 480*g - 36 = 478*g. Calculate the remainder when 323 is divided by g.
17
Suppose 642 = 298*p + 297*p - 592*p. Calculate the remainder when p is divided by 49.
18
Suppose -147*v + 24333 = -60486. What is the remainder when 598 is divided by v?
21
Let b = -38 + 341. What is the remainder when b is divided by 32?
15
Let j = 14233 - 13935. What is the remainder when 888 is divided by j?
292
Let f be (3/(6/(-4)))/2. Calculate the remainder when 3 + (5 + f - 3045/(-21)) is divided by 22.
20
Let o(n) = 27*n - 1811. What is the remainder when o(77) is divided by 91?
86
Let p = 835 + -753. Suppose -17*l = -12*l + 2*v - p, -5*v + 21 = l. What is the remainder when l is divided by 9?
7
Suppose 15*z + z + 16 = 0. Let j = z + 55. Calculate the remainder when j is divided by 20.
14
Suppose -4*n = 24, 650 + 1003 = 3*h - 5*n. What is the remainder when h is divided by 64?
29
Let q = 10203 - 10145. What is the remainder when 80 is divided by q?
22
Let c(a) = a**3 - 7*a**2 + 9*a + 4. Let w be c(5). Calculate the remainder when 107 is divided by w + (-6)/(-8) + 1095/60.
17
Let g(i) = 5*i**2 + 8*i + 4. What is the remainder when 41 is divided by g(-3)?
16
Let x = -23389 + 24495. Calculate the remainder when x is divided by 151.
49
Let w(b) = b**2 - 4*b. Let z(f) be the first derivative of -4*f**2 + 144*f - 30. What is the remainder when z(14) is divided by w(6)?
8
Let c(a) = -a**2 - 39*a - 177. Let m = 32 + 28. What is the remainder when m is divided by c(-32)?
13
Suppose -365 = -5*w - 50. Let b = -99087 - -99210. What is the remainder when b is divided by w?
60
What is the remainder when 21 is divided by 3/(-27) - -42*(-26)/(-351)?
0
Suppose -5*h = -3*s + 42, s = -5*h - 0*h + 34. Let p = 76 + -59. What is the remainder when 16/5*(s + -4) is divided by p?
14
Suppose -124*n + 77*n + 2444 = 0. What is the remainder when n is divided by 3?
1
Suppose -3*x = -x + 2*g, 12 = -x - 5*g. Let t(a) = 8*a - 3*a - 34 + x*a. Calculate the remainder when t(18) is divided by 37.
36
Let a = 20653 - 20204. Calculate the remainder when a is divided by 234.
215
Let i be (-10)/(-3)*19341/42*1. Suppose -11*f + 301 = -10*f - y, 0 = 5*f + y - i. Calculate the remainder when f is divided by 22.
20
Let h(x) = -2*x - 28. Let c be h(-17). Suppose 0 = -c*t + 3*t + 24. Suppose t*z + 21 = 11*z. What is the remainder when 30 is divided by z?
2
Suppose 480*f - 5918321 - 1354834 = 23*f. What is the remainder when f is divided by 11?
9
Let v(w) be the first derivative of -w**2 - 25*w + 42. Suppose c + c = 36. Calculate the remainder when c is divided by v(-14).
0
Let h(y) = y**3 - 9*y**2 + 4*y + 33. Let a be h(8). Suppose -132 = -f + a. What is the remainder when f is divided by 27?
25
Suppose -u = 4*v - 3*u + 480, 2 = -u. Let g = -28 - v. Calculate the remainder when g is divided by 25.
18
Let a be (2/4)/((-11)/12 - -1). Suppose 5*x + 4 = a*x. Suppose -5*i + 264 = -d, x - 3 = d. What is the remainder when i is divided by 27?
26
Let t(o) = 13*o**2 + 2. Suppose -12 = -3*c + 3*d - 3, 12 = -3*d. What is the remainder when 162 is divided by t(c)?
12
Let o = -3644 + 3749. What is the remainder when o is divided by 2?
1
Let n(y) = -8*y - 49. Let p be n(-18). Let t = p + -102. Calculate the remainder when -6*(t + 1*4/12) is divided by 16.
8
What is the remainder when (-3900)/(-9) + (-8)/168*-35 is divided by 94?
59
Let t = 184 + -31. Let p = t + 3. What is the remainder when p is divided by 20?
16
Suppose 2*n + n = -15. Let q be 5*n/(-50)*24. What is the remainder when 14 is divided by q/1 - (-12)/(-3)?
6
Let g(a) = -a**2 - 12*a - 18. Let z be g(-10). Let l be (4/(-3))/(z/24). Let i = -1 - l. What is the remainder when 42 is divided by i?
12
Let x(b) = 8*b - 19 - 91 + 22*b + 87*b**2 - 86*b**2. What is the remainder when 58 is divided by x(-34)?
6
Let r be -84*(11 + -2)/(-1). Suppose -4*j = 8*j - r. What is the remainder when 313 is divided by j?
61
Let u(l) = l**3 - 10*l**2 - 4*l. Let b be (1 - -10)*(1 - 0). Suppose -20*z - 52 